m) = -2*m**3 - 14*m**2 + 2*m + 8. Suppose 2*u + 23 = -3*y, -3*y = 3*u + 21 + 3. Let c be z(y). Let b(a) = a**3 + 5*a**2 - 9*a - 1. Determine b(c).
17
Let c(o) be the first derivative of -o**4/4 + 13*o**3/3 + o**2 - 16*o + 873. Calculate c(13).
10
Let u = -14 + 24. Suppose 9*q + 8 = u*q. Let a(i) = i**2 - 9*i + 6. Give a(q).
-2
Let k(y) be the second derivative of -y**6/720 - y**5/40 + 2*y**4/3 + 13*y. Let d(h) be the third derivative of k(h). Give d(4).
-7
Let y(p) = 2*p**3 - 17*p**2 - 29*p - 17. Let d be y(10). Let g(n) = -9 + 0*n**2 - n**2 + 0*n**2 - 3*n - 2*n. What is g(d)?
-23
Let v(c) = c**2 - 11*c + 22. Let z = -480 + 490. Determine v(z).
12
Let g be 0 + (-2)/(-1) + 4. Let k(j) be the third derivative of -j**4/24 + j**3 + 595*j**2. Give k(g).
0
Let y(u) = 1. Let m(f) = -f - 3. Let j(c) = m(c) - 4*y(c). Let s(w) = -2*w - 13. Let g(r) = -11*j(r) + 6*s(r). Let l be ((-144)/32 - 1/(-2)) + 1. What is g(l)?
2
Let n(h) = -312*h**2 + 4 - 23*h - 22 + 9*h + 311*h**2 - 2. What is n(-12)?
4
Let l = -72 - -41. Let u = -35 - l. Let c(q) = -5*q - 3. Give c(u).
17
Let m(l) = 4*l + 150. Let b be m(-36). Let k(z) be the third derivative of -z**5/60 + 5*z**4/24 + 4*z**3/3 - 3*z**2. Give k(b).
2
Let n(b) be the first derivative of -b**2/2 + 9*b - 5. Let l be n(7). Let j(i) = -7*i - l - 7*i + 13*i. Calculate j(3).
-5
Suppose 39*c = 43*c. Let i(u) = -5*u - 1. Let g(v) = -6*v - 1. Let y(l) = 6*g(l) - 7*i(l). Calculate y(c).
1
Let j(g) = 16*g. Let d be j(2). Let a = -29 + d. Let q(b) = -2*b - 53*b**3 + 52*b**a + 1 + 0. Calculate q(2).
-11
Let y(r) = 7*r**2 - 33*r - 11. Let v(w) = -4*w**2 + 18*w + 6. Let n(f) = -5*v(f) - 3*y(f). Calculate n(5).
23
Let w(j) = -3 + 9*j + 2*j**2 - 3*j**2 - 1. Let l(y) = -30*y + 638. Let r be l(21). Calculate w(r).
4
Let q(p) = p**2 + 12*p + 30. Let b be q(-9). Let o(c) = -13*c + 1. Give o(b).
-38
Let y(t) = t**2. Let k(i) = -6*i**2 - 32*i - 14. Let q(b) = -k(b) - 3*y(b). Let g be q(-10). Let z(j) = j + 5. What is z(g)?
-1
Let t be -2*(-1)/(-2)*(-11 + 6). Let w(q) = 0*q + 2*q - 2 + t - 2. Let s = -4 + 7. What is w(s)?
7
Let p(c) = c - 10. Let y(n) = 4*n - 38. Let d(l) = -22*p(l) + 6*y(l). Determine d(8).
8
Let x(o) = -14*o + 54. Let d(c) = 16*c - 59. Let v(y) = 6*d(y) + 7*x(y). What is v(14)?
-4
Let m(f) = 2*f**2 + 2*f - 2. Let q be m(-2). Let s(j) = 46*j + 2*j**3 - 102*j + 54*j. Give s(q).
12
Let s(a) = 2*a**2 + a. Let k be s(-1). Let b(h) = 10*h + 7*h - 1 + 5*h. Calculate b(k).
21
Suppose 5*m + 20 = 5*n, -34 = -4*n - 0*n - 5*m. Let a be -1 - -2 - (4 - 7). Let b(s) = -3*s**2 - 8 + a*s**2 - s + s - 3*s. What is b(n)?
10
Let r(x) = x**2 + 3*x - 3. Suppose 4 = 6*h - 3*h - 5*b, -h - b + 4 = 0. Suppose -7*p - h*p = 50. Calculate r(p).
7
Let t(u) = -u**3 - 4*u**2 + u - 1. Let s(o) = -o + 8. Let j be s(6). Let m be 9*(-4 - 70/(-15)). Suppose 4*d + 6 = -j*g - m, -g = 5*d + 9. Determine t(g).
-5
Let j(q) = -q**3 - 7*q**2 - 7*q - 15. Let l be j(-7). Suppose -5*z - l = -14. Let g(n) = n**2 + 7*n + 5. What is g(z)?
-7
Suppose -s - 4*s - 4*r + 48 = 0, -3*r - 9 = 0. Let n(u) be the first derivative of -u**2/2 + 9*u + 6164. Give n(s).
-3
Let s(d) = 4*d**2 + 9*d - 3*d**2 - d**3 - 7*d - 4*d + 0*d**2. What is s(2)?
-8
Let c(m) = -m**2 + 13*m - 15. Let k(y) = 2*y**2 + 69*y + 46. Let w be k(-34). Give c(w).
-3
Let c be (2 - 1)*(0/(-3))/(-3). Let x(m) = -3*m + 20 + c*m - 14. Calculate x(5).
-9
Let b(c) = c + 23. Let n be b(-14). Let l(q) = 0*q - 3*q - n*q + 2*q. Calculate l(-1).
10
Let r(o) = o**3 - 6*o**2 + 3*o + 6. Let x = 3064 - 3059. What is r(x)?
-4
Let k be (-150)/(-45)*(-42)/(-35). Suppose -3*d + 3 = -3. Let r(n) = 2*n**2 - n**2 - 6*n + d + 4. What is r(k)?
-2
Suppose 4*t = 2*t - 10. Let m(s) = -3 + 121*s - s**2 - 62*s - 63*s. Calculate m(t).
-8
Let a(f) = -2*f + 6. Let z = -498 - -503. Determine a(z).
-4
Let d = 4 + -8. Suppose -4 = -w - 5*r, -3*w + 4*r = 2*r - 12. Let m(i) = 2*i**2 + 3*i**3 + i - w*i**3 - 1 - 6*i**2. What is m(d)?
-5
Let b(j) = j**2 - 6*j + 6. Let p(w) = -11*w. Let z(k) = -4*k. Let r(t) = -3*p(t) + 8*z(t). Let h(l) = -b(l) + 2*r(l). Calculate h(6).
6
Let o(q) = q - 8. Let l(n) = 3*n - 25. Let y(c) = -l(c) + 2*o(c). What is y(13)?
-4
Suppose 2*b - 28 = 6*b. Let c = b + 9. Let v(g) = 0*g + 11*g - 4*g - g**c + 7 - 2*g. What is v(6)?
1
Let x(k) = 5*k + 5. Let u(w) = w + 1. Let j(n) = -4*u(n) + x(n). Let b(z) = z**2 + 10*z + 4. Let a be b(-9). Determine j(a).
-4
Let r(x) be the second derivative of x**6/360 + x**5/20 - x**4/12 - 4*x**3/3 - 11*x. Let k(n) be the second derivative of r(n). Give k(-6).
-2
Let m = 2158 - 2154. Let o(s) = -s**3 - 3*s + 2*s**2 + 4*s + 0*s**2. Give o(m).
-28
Let o(g) be the first derivative of -g**3/3 - g**2/2 + 24*g + 5. Let c(j) be the first derivative of o(j). Give c(-3).
5
Let j(o) = o - 9. Suppose -3*x + 33 + 15 = -4*t, -3*x - t + 48 = 0. Give j(x).
7
Let r(a) be the second derivative of 5/12*a**4 + 24*a - 1/20*a**5 + 7/6*a**3 - 4*a**2 + 0. What is r(6)?
-2
Suppose -3*s - 8 = -2*k - s, 0 = -5*k - 3*s + 12. Let q(z) = 5*z + 118 - 3*z - 109 - k*z. What is q(11)?
-2
Let u be (-8)/(-20) + (-13)/(-5). Suppose v + 0*v = 2*b + 20, -3*b + u*v = 36. Let t be (-18)/24 - 54/b. Let m(x) = -x - 2. What is m(t)?
-8
Let s(i) be the third derivative of i**6/720 + i**5/40 + i**4/3 - 5*i**2. Let x(d) be the second derivative of s(d). Give x(4).
7
Suppose 9 = 2*t - 2*k + 1, -k - 2 = 0. Suppose 0*l - t*l = 10. Let o(g) = -6*g**2 + 2*g + 10. Let f(r) = -r**2 + 1. Let n(c) = l*f(c) + o(c). Determine n(4).
-3
Let k be 88/14 - (-2)/(-7). Let m(c) = -c - 1. Suppose 20 = -12*v + 32. Let d(h) = 5*h + 18. Let w(y) = v*d(y) + 6*m(y). Determine w(k).
6
Let p(l) = 7*l + 9. Let w(c) = -2*c - 12 + 16 - 8 - c. Let s(v) = 4*p(v) + 9*w(v). Let f(z) = z**3 - 7*z**2 + 7*z. Let g be f(6). Calculate s(g).
6
Let j be (((-24)/(-9))/(-4))/((-18)/(-81)). Let r(n) = 2*n**2 - 9. Calculate r(j).
9
Suppose -m - 20 = 3*m. Let h be 3 + (-4 + 4 - 0). Let r(k) = -3 + 5*k**2 + 9 - 10*k**2 - k**h - 2. What is r(m)?
4
Let b(x) = -x**2 + 9. Let t be b(3). Suppose t = 6*q + q + 28. Let w(i) = i**3 + 3*i**2 - 3*i + 4. Determine w(q).
0
Let a(h) = 2. Let m(s) = 2*s - 18. Let y(d) = -8*a(d) - m(d). Suppose 20 = 8*p - 20. Calculate y(p).
-8
Let p(o) = 3*o**2 - 6*o - 12. Suppose 26*q - 22*q - 20 = 0. Determine p(q).
33
Let s(u) = 5*u**2 - 3*u - 19. Let a(q) = 22*q**2 - 12*q - 76. Let o(x) = -2*a(x) + 9*s(x). Calculate o(6).
-1
Let x(o) = o**3 + 7*o**2 - 5*o + 11. Suppose -4*b + 11*b = 28. Suppose -2*h + b*h - 5*p = -16, 3*h + 5*p = -24. What is x(h)?
-13
Let j(w) = -13*w - 69 + 11*w + 72. Calculate j(3).
-3
Let q = -4 - -6. Let o(a) = -14*a + 11. Let d(r) = -9*r + 7. Let s(b) = 8*d(b) - 5*o(b). Calculate s(q).
-3
Let s = 4 - -1. Let y(q) = -q**3 + 4*q**2 + 4*q + 1. Let b be y(s). Let w(c) = c + 9. Give w(b).
5
Let j(b) be the second derivative of b**5/20 + 5*b**4/12 + b**3/6 + 3*b**2 + 13*b + 5. Let m be (-26)/6 - 14/21. Give j(m).
1
Let d be (-31)/(-7) + 4/7. Suppose -2*x + k = 1, -x + d*k = -6*x + 5. Suppose -2*b + 5*b - 18 = x. Let o(h) = h**3 - 7*h**2 + 6*h + 1. Calculate o(b).
1
Let g = -14 + 36. Let q = g - 17. Let c(p) = p**2 - 3*p + 2. Give c(q).
12
Let l(h) = -28*h**2 - 55*h - 5. Let i(y) = 13*y**2 + 25*y + 2. Let x(g) = -13*i(g) - 6*l(g). Suppose v - 3 = 1. Suppose -v*r + 2*r + 8 = 0. Give x(r).
8
Let x(f) = -f**2 + f + 2. Let a(j) = -j**3 + 5*j**2 + 2*j + 2. Let d be a(5). Suppose z = 7*z - d. Give x(z).
0
Suppose 0 = 20*n - 7*n + 52. Let a(h) = -h**3 - 4*h**2 + 8. Determine a(n).
8
Let y(r) = 2 - 24 + 13 - r. What is y(-9)?
0
Let o(x) be the first derivative of 22 + 1/3*x**3 - 7*x - 1/2*x**2. Determine o(0).
-7
Let a(c) = -13*c**2 + 17*c**3 + 4*c + 18*c**2 + 13 - 18*c**3. Give a(6).
1
Let w = 152 + -87. Let o(v) = -w*v - 7 + 32*v + 31*v. Determine o(-5).
3
Let u be (-100)/(-2)*24/60*-1. Let z(c) = -3*c - 42. What is z(u)?
18
Let a(r) = -r. Let c(l) = -l**3 + l**2 - l + 1. Let w(i) = -2*i**3 + 3*i**2 + 2*i + 1. Let g(o) = -c(o) + w(o). Let k(z) = 2*a(z) - g(z). Give k(4).
12
Let t = 34 - 30. Let i(o) = -o**2 + 2*o + 9. Let d be i(t). Let j(a) = -1 + 2*a + 1 - 1. Give j(d).
1
Let t(c) = -c. Let a(j) = j**3 - 17*j**2 + 53*j - 21. Let l be a(13). Give t(l).
8
Let m be 228/(-95) - (-4)/30*3. Let o(f) = -6*f**2 - 3*f - 1. What is o(m)?
-19
Let p(i) =